+ 7*w - z*w - 4*w. What is the tens digit of m(-6)?
2
Let c = -242 - -207. Let m(j) = -j**2 + 7*j - 8. Let b be m(6). What is the tens digit of b/7 - 535/c?
1
Let a be (-1 + 33)*(-26)/(-8). Let n = -54 + a. What is the units digit of n?
0
Let v = -187 + 513. What is the units digit of v?
6
Let i = 688 - 274. What is the tens digit of i?
1
Let f = 50 - 40. What is the hundreds digit of (-6)/f - (-3836)/35?
1
Suppose 5*k - 2*r - 103 = 0, 2*k - r - 22 = -5*r. Let j = -14 + k. Suppose -5*b + 115 = -j*w, -5*w - 54 = -2*b - w. What is the tens digit of b?
1
Let r be (84/15)/(12/(-90)). Let c be r/(-49)*(85 + -1). Let m = c - 44. What is the tens digit of m?
2
Suppose 71 - 101 = 2*n. Let k(v) = -2*v + 5. Let d(x) = x + 1. Let p(w) = -4*d(w) - k(w). What is the units digit of p(n)?
1
Let r = 142 - 133. Let d(u) = u - 18. Let f be d(0). Let y = r - f. What is the units digit of y?
7
Let a be (-44)/3*15/(-10). Suppose -2 = 4*i - a, 87 = 2*l + 5*i. Suppose 50 = 2*g + h - 9, g - l = h. What is the tens digit of g?
3
Let b(l) = 176*l**2 + 12*l - 34. What is the hundreds digit of b(3)?
5
Let h(n) = n**3 - 12*n**2 - 7*n - 24. Let u be h(13). Let s = 85 + u. What is the tens digit of s?
3
Suppose -5*j - 2*b = -2801, -2*j - b + 2*b + 1115 = 0. What is the hundreds digit of j?
5
What is the units digit of 3 + -2 + -1356*2/(-3)?
5
Suppose -5*q + 6 = -3*i, 0 = -4*i - 1 + 13. Suppose 0*p = q*p - 27. Let s(x) = x**3 - 9*x**2 + 5*x + 2. What is the units digit of s(p)?
7
Suppose 3*w - 3 = 0, 11*y + 6895 = 14*y + w. What is the thousands digit of y?
2
Let n = -8 + 8. Suppose o - 2 - 17 = n. Let j = o + 5. What is the units digit of j?
4
Suppose 0 = -5*v - 5*h + 80, 3*v - 4*h - 48 = -h. What is the tens digit of v/(-88) - 488/(-22)?
2
Suppose -2*b = -6*b. Suppose b*u = -2*u - 80. Let o = -25 - u. What is the units digit of o?
5
What is the hundreds digit of -5*(708/(-10) - 1)?
3
Let a = -2 + 678. What is the units digit of a?
6
Let t(q) = -274*q + 284. What is the thousands digit of t(-7)?
2
Suppose -10*l + 3*t = -15*l - 3844, 3*l - 3*t + 2316 = 0. What is the units digit of (-4)/16 - l/8?
6
Let w(y) = 6*y**2 + 5*y + 9. Let a(i) = -6*i**2 - 5*i - 9. Let s(o) = 6*a(o) + 7*w(o). What is the units digit of s(4)?
5
Let l = 379 - -606. What is the units digit of l?
5
Let v(m) = -3*m + 14. Let u be v(-15). Let g = u + -37. Suppose -4*s + g = -30. What is the tens digit of s?
1
Suppose -7*c + 5*c = -7204. Let f be c/14 + (-8)/28. Suppose -6*r - 5 + f = 0. What is the units digit of r?
2
Suppose -12*f + 1724 = -2380. What is the hundreds digit of f?
3
Suppose -396*d - 7137 = -405*d. What is the hundreds digit of d?
7
Suppose -178*s + 8558 = -167*s. What is the tens digit of s?
7
Let g = 27 + -22. Suppose 55 = -g*n + 545. Suppose k - 5*b = 6*k - 235, n = 2*k + 4*b. What is the units digit of k?
5
Suppose 4*o - 836 = 4*s, -12*o - 225 = -13*o + 5*s. What is the units digit of o?
5
Let v be 32/176 + 123/(-11). Let z(n) = 2*n**2 + 15*n - 4. What is the tens digit of z(v)?
7
Suppose 0*j + 5*j = p - 10, 2*j = -4. Suppose p = i - 29 - 10. Suppose 5*q - 5*b = 415, -2*b + i - 367 = -4*q. What is the tens digit of q?
8
Suppose 0 = -v + 3*k + 4296, 4*k - 7164 + 24356 = 4*v. What is the tens digit of v?
9
Let c(t) = -6 + t**2 + 5*t + 0*t**2 - 7*t. Let d be c(7). Let y = d + -14. What is the tens digit of y?
1
Let v = -32 + 40. Suppose v = b - 32. What is the units digit of b?
0
Let f(g) = 2*g**2 - 31*g - 42. What is the hundreds digit of f(-8)?
3
What is the units digit of 2/(-14) - 0 - 38312/(-56)?
4
Suppose 5*q = -0*q. Let s(a) = 5*a - 45. Let c be s(10). What is the units digit of (c + -22)/(q - 1)?
7
Suppose -5*b + r + 40 = 0, -r + 22 = 2*b - 1. Let m(c) = 13*c**3 + b*c**2 - c - 12*c**3 + 0 - 6. What is the units digit of m(-9)?
3
Let v = -7 + 9. Suppose 10*r - 9*r - 118 = 0. Suppose -r = -4*k - v*z, 3*k + 2*z = -3*z + 85. What is the units digit of k?
0
Let g(k) = -k + 16. Let i be g(11). Suppose 0 = -i*l + 2*l + 93. What is the tens digit of l?
3
Let l = -242 - -519. Let x = -23 + l. What is the hundreds digit of x?
2
What is the tens digit of (3905 + 3)*((-18)/24 - -1)?
7
Let f be (-28)/(-126) + 1771/9. Let q = f + -101. What is the tens digit of q?
9
Suppose 0 = 4*y - 2*z - 50, 4*y - 32 = -8*z + 4*z. Let q = y + 16. What is the tens digit of q?
2
Suppose 124 = 2*z - 84. Suppose 0 = -9*h + 5*h + z. What is the units digit of h?
6
Let b = 119 - 75. Suppose 41*i - b*i + 123 = 0. What is the units digit of i?
1
Let q be (8/28)/(1/7). Suppose n - 43 = 5*j - 109, 34 = 3*j - q*n. Suppose b = -0*b + j. What is the tens digit of b?
1
Let n(j) = -2*j**2 - 73*j - 27. What is the tens digit of n(-29)?
0
Suppose -j + 0*r = 4*r - 1, 2*r = 0. Suppose 4*a = -0*a + 3*m - 8, -5*m = -a - 2. What is the units digit of 0 + a + j + 17?
6
Suppose 0 = 3*m - 12, -4*c + 2*m + 10312 = -684. What is the hundreds digit of c?
7
Let l(o) = 81*o**2 + 5*o + 15. Let u be l(-3). What is the tens digit of u/(-6)*(-8)/6?
6
Suppose 0*v - 18 = -5*o - 2*v, -2*v = o - 10. Let f = o + 1. Suppose 2 + f = 5*k. What is the units digit of k?
1
Let g(a) = a. Let k be g(1). Suppose 3*t - 61 = -z, k = -5*t - 4. What is the units digit of z?
4
Let u = 13 + 4452. What is the hundreds digit of u?
4
Let m(a) = 3*a - 9 - 6*a + 4*a + a. Let b be m(4). What is the units digit of 5*b/((-2)/2)?
5
Let k = -645 + 983. What is the tens digit of k?
3
Suppose 2*p + 1 = -3*m + 2, 3*m + 19 = 2*p. Suppose i - 104 = -5*z - 1, -5*z - 395 = -p*i. What is the tens digit of i?
8
What is the units digit of 184*(-1 - 35/(-14))?
6
Let y(h) = -h**2 - h + 196. Let z be y(0). Let u be (10/(-8))/(7/z). Let m = -9 - u. What is the tens digit of m?
2
Let o(c) be the first derivative of c**2 - 19*c - 18. What is the units digit of o(10)?
1
Let v(u) = u**3 + 20*u**2 + 47*u + 39. What is the hundreds digit of v(-16)?
3
Suppose 5789 = -28*d + 38689. What is the units digit of d?
5
Suppose 0*j + 2*j - 2*d = 20, 0 = 5*j - 4*d - 49. Let o = 21 - j. Let g = 22 - o. What is the tens digit of g?
1
Suppose -179 = -5*k + 21. Let d = 30 + k. What is the tens digit of d?
7
Suppose 4*l - 314 = 4*z - 54, -4*l - 5*z + 278 = 0. Suppose -t - 4*a = -l, -58 = -t - 2*a + 9. What is the units digit of t?
7
Let j = 109 + -59. Suppose 7*m = 9*m - j. What is the tens digit of m?
2
Let b = -2 + 1. Let u(l) = 12*l**3 + 2*l**2 - 1. Let d be u(b). Let h = 3 - d. What is the tens digit of h?
1
Suppose 0 = -2*f - 18*f + 16000. What is the hundreds digit of f?
8
Suppose 3*v + 0*k = -k + 435, 298 = 2*v - 2*k. What is the tens digit of v?
4
Let y = 517 - -2339. What is the hundreds digit of y?
8
Let h = -879 + 3526. What is the units digit of h?
7
Let o(p) = 33*p**2 - 12*p - 5. Let l be o(4). Suppose l - 1906 = -9*h. What is the units digit of h?
9
Let s be (-4)/6*3*-1. Let a be 1*(-12)/120*-20. Suppose -2*j - a*h + 74 = 0, s*j = -j + 4*h + 76. What is the units digit of j?
2
Let k = 180 - 93. Let z = -123 + k. What is the tens digit of z/12 - (0 - 17)?
1
Let v(f) = -f**3 + 9*f**2 + 5. Let d be v(9). Suppose -3*o - 4*a = -131 - 68, 0 = 3*o - d*a - 190. What is the tens digit of o?
6
Let j = 1572 + -1382. What is the tens digit of j?
9
Let p be (-120)/(-21) - (-8)/28. Let g(q) = -q + 23. What is the tens digit of g(p)?
1
Suppose -3*m = 2*m - 1225. What is the tens digit of m?
4
Let y(d) = 12*d**2 + 2. Suppose 2*j = 6*j - 76. Suppose 0 = 4*z - z + 5*a - j, 0 = -2*z + 5*a - 29. What is the tens digit of y(z)?
5
Let q = -366 + 390. Suppose -10 - 8 = g. Let j = g + q. What is the units digit of j?
6
What is the tens digit of (77 + 4)/(9/60)?
4
Let m be (-144)/(-96)*52/6. Let d(g) = 21*g - 3*g - 2*g**3 + 12*g**2 - 12 + g**3. What is the units digit of d(m)?
3
Suppose 0 = 3*i - 19 - 2. Suppose -i*c = -6*c + 2. What is the units digit of (8 - c)*(-2)/(-4)?
5
Suppose 2*c = -609 - 75. Let o = -117 - c. What is the tens digit of o?
2
Let j = 11 - 47. Let d = -7 - j. Let s = d + 3. What is the tens digit of s?
3
Suppose -2*w + 4*w = x + 1200, 4*w - x - 2402 = 0. What is the hundreds digit of w?
6
Let s = 75 - 49. Let w(y) = y**2 - 13*y + 13. Let r be w(11). What is the tens digit of (1 - r/(-3)) + s?
2
Suppose h - 80 = 99. What is the units digit of h?
9
Let t = -27 - -38. Let d be 1*(-3 + 2)*0. Let 